is u(-1)?
-4
Let q(z) = 19*z**2 + 130*z + 47. Let x(m) = 49*m**2 + 330*m + 118. Let b(n) = -26*q(n) + 10*x(n). Give b(-19).
34
Let k be 40 + 9 - (-13 + 1)/3. Suppose 8 = 3*r - 4*r - 5*f, k = -4*r + f. Let b(v) = -v - 1. What is b(r)?
12
Let f(d) = 16*d - 6. Let h = -3107 + 3103. Suppose 0 = -5*g - u - 43, -u = -5*g + 4*u - 55. Let w(c) = -7*c + 3. Let r(l) = g*w(l) + h*f(l). Calculate r(-3).
0
Let z(p) be the second derivative of 1/4*p**4 + 23*p - 1/2*p**2 + 0 + 2/3*p**3 + 1/60*p**5. Let b(r) be the first derivative of z(r). Determine b(-4).
-4
Let l(a) = 2*a + 3. Suppose -2*f + 5*f - 40 = -37*f. What is l(f)?
5
Suppose -10*r - 42 = 7*r - 24*r. Let j(a) = -4*a - 13. What is j(r)?
-37
Let r(y) = -y**2 + 18*y + 8. Suppose -2*z = -2*o - 2*o + 66, -4*z = -4*o + 60. Give r(o).
8
Let d be (0/4 - 3) + -4 + 5. Let h be d - 10/(-6) - 288/27. Let u(t) = 2*t + 5. What is u(h)?
-17
Let f(k) = 2*k**2 - 11*k - 23. Let a(v) = -v + 2*v + 9*v + 34 - 3*v**2 + v + 6*v. Suppose -2*r - 14 = -0. Let d(h) = r*f(h) - 5*a(h). Give d(8).
-9
Let n(c) = -52 - 4*c + 26 + 4*c - 72 + 13*c. Determine n(8).
6
Let t be (-2)/8 + (31 - 2568/96). Let m(y) = 5*y - 1. Let r(n) = 4*n - 2. Let x(z) = -3*m(z) + 4*r(z). Give x(t).
-1
Let g(a) be the second derivative of -a**3/6 - 3*a**2 - a. Suppose -17 = -4*k + 5*p + 13, 2*k - p = 12. Let n = -11 + k. Calculate g(n).
0
Let v(y) = -1. Let f be ((-4)/6)/(13/78). Let g(w) = -w + 19. Let a(x) = f*v(x) - g(x). Determine a(9).
-6
Let m(y) be the second derivative of y**3/3 - 3*y**2/2 + 28381*y. Let j = 1 + -1. Give m(j).
-3
Let n(b) be the second derivative of 1/2*b**2 - 4/5*b**5 - 106*b + 0 + 1/12*b**4 + 1/6*b**3. What is n(-1)?
17
Let g be 15*((-20)/(-25))/2. Suppose g*r - 3 = r - o, -5*r + o = 3. Let i(p) = -8 - 6*p**3 + 5*p**3 + p**2 + r. What is i(0)?
-8
Let q(f) = -2*f - 1. Let m(l) = -3*l**2 - 5*l + l + 2*l**3 - 3 - l**3. Let s(o) = -o - 22. Let j be s(-26). Let k be m(j). Determine q(k).
5
Let k be 152/(-11) + 2/(-11). Let u = k + 15. Let g be -18 + 20 - u*9. Let i(q) = q - 2. Give i(g).
-9
Let g(x) = -x**2 + 166*x - 6874. Let w be g(88). Let n(y) = -y**2 - 4*y + 23. Calculate n(w).
-37
Let c(i) be the first derivative of i**3/3 - 2*i**2 - 10*i - 6. Let a be -26 + 37 - (5 + 1). Give c(a).
-5
Let v(t) be the first derivative of t**4/12 + t**3/2 - 7*t**2/2 + 24*t - 92. Let o(r) be the first derivative of v(r). Calculate o(-5).
3
Let r(c) = -3 + 124*c + 4 + 0 - 121*c - 4. Suppose 5*u = -m - 25, 5*m + 3*u - 15 = 6*u. Suppose -5*t = -10 - m. Calculate r(t).
3
Let p(d) = -582*d + 5*d**2 - 16*d**2 + 1159*d - 588*d. Determine p(1).
-22
Let h(x) = 0 - 1889*x + 0*x**2 + 1898*x + 0 - x**2. Give h(8).
8
Let f be (290 - 281) + (-6)/1. Let z(o) be the second derivative of -1/2*o**2 + 3*o + 0 - 7/3*o**f. Calculate z(1).
-15
Let g(p) be the first derivative of 7*p**3/3 - 3*p**2/2 + 5*p - 2700. Determine g(2).
27
Let s(c) = -11*c - 1. Let j = 272 + 151. Let n = j - 424. Determine s(n).
10
Suppose -203*f = -198*f - 745. Let n(d) = -7*d - 3*d - 295 + 147 + f. Determine n(3).
-29
Let r(z) = 22*z + 8*z - 36*z**2 + 81 + 8*z + z + 34*z**3 - 35*z**3. Determine r(-37).
7
Let c(a) = 7*a**2 + 12. Let q(l) = -19*l**2 + 2*l - 34. Let n(d) = 11*c(d) + 4*q(d). Suppose x + 28 = -0*x + 4*w, -14 = 3*x + 2*w. Calculate n(x).
-4
Let w(s) = 19*s + 16. Suppose 298 = -130*z + 38. Give w(z).
-22
Let v(y) = -3*y**2 + 6*y - 18. Let s(o) = -o**2 + 3*o - 8. Let c(a) = 7*s(a) - 3*v(a). Let g be c(1). Let w(p) = -p**2 + 3. What is w(g)?
-6
Suppose -4*b - 20 = -4*p, 5*p - 3 = -5*b - 8. Let d(l) be the first derivative of l**4/4 + l + 21. Give d(p).
9
Let z(c) = c**2 - 8*c - 38. Let u be 6303/1719*(4/10 + (-26)/(-10)). Give z(u).
-5
Suppose 3*h - j + 29 = 0, -2*h + 19*j - 6 = 15*j. Let z(c) = 3*c + 26. Determine z(h).
-7
Let q(f) = f**3 + 8*f**2 + 9*f + 14. Let o(s) = 45*s - 1853. Let g be o(41). Give q(g).
-58
Let o(v) be the third derivative of 5/24*v**4 + 0*v + 0 - 17/6*v**3 + 7*v**2. Give o(5).
8
Let d = -198 + 205. Let l(m) = 5*m + m**2 + 5 - d - 4 + 12. Determine l(-3).
0
Let u(p) = -p**3 + 8*p**2 - 7*p. Let m be (-13)/((-26)/(-12)) + 4. Let w be (-1)/m + 27/6. Suppose -5*x = -4*j + 33, w*x - 21 + 61 = 5*j. Calculate u(j).
0
Let g(w) = 9*w - 22. Suppose 533*c + 28 = 532*c + 4*i, 0 = -3*c - 5*i + 35. Calculate g(c).
-22
Suppose 8*q - 20*q + 12 = 0. Let h(k) = -k**2 + 6. Let s(n) = 1. Let w(t) = q*h(t) - 4*s(t). Determine w(2).
-2
Let g = 376 - 372. Suppose -g*b + 5*s + 15 = 4, -5*s - 13 = -2*b. Let d(i) = 3*i**2 - i. Calculate d(b).
4
Let a = 10 - 3. Let w(z) = -5*z**2 - 6*z + 9. Let n(q) = q**2 - 1. Let g(u) = 6*u - 3. Let c(d) = g(d) + 4*n(d). Let m(l) = -6*c(l) - 5*w(l). Calculate m(a).
4
Let m(v) = -3*v - 113. Let z(j) = -10*j - 313. Let d(t) = -8*m(t) + 3*z(t). What is d(-5)?
-5
Let f(m) = 3*m**2 + 11*m + 4. Suppose 2*t + 21 = 3*b, -3*t + 149 = -5*b + 182. Calculate f(t).
46
Let a(t) = -16*t + 14. Let r(x) = 8*x - 7. Let j(c) = -4*a(c) - 9*r(c). Let w be j(-8). Let s = 70 - w. Let g(p) = -22*p**2 + p. What is g(s)?
-23
Let f = 30029 - 30030. Let i(j) = 67*j. What is i(f)?
-67
Let d(t) = -10*t - 437. Let k(p) = -p - 55. Let s(m) = d(m) - 8*k(m). Let b(w) = -w**2 + 6*w - 6. Let y be b(4). Calculate s(y).
-1
Let h be (-800)/(-240)*-3*4. Let o be (-3 + 5)*h/16. Let q(i) = 5*i + 16. Give q(o).
-9
Let h be 0/2*(-2)/(-2). Let g = h - -8. Suppose 4 = -y + g. Let a(n) = -n**2 + 7*n - 6. Give a(y).
6
Let n(x) be the second derivative of x**5/20 + 19*x**4/6 + 19*x**3/3 + 21*x**2 - 3*x - 7. Give n(-37).
5
Suppose -25 = -5*j + 5*o, -8*o - 20 = -13*o. Let y(w) = -3*w + 7. Determine y(j).
-20
Let j be 42/56 + (-45)/(-4). Suppose -8*s + j + 12 = 0. Let p(i) = 4*i - s*i**2 + i**3 + 21 - i**2 - 9 - 13. Give p(3).
2
Let h(q) = -q + 1. Let u be h(-4). Let d(z) = u*z + 11 + 5*z**2 - z + 0*z**2 - 6*z**2. What is d(9)?
-34
Let a(w) = -w**2 + 8*w - 13. Let x be a(4). Let l(n) be the third derivative of -34*n + 0 + 2*n**2 + 1/8*n**4 + 1/6*n**3. What is l(x)?
10
Let w(c) = -55 + 4*c - 88*c + 17*c + 46*c. Give w(-3).
8
Let h be (36/126)/(4/(-140)) - 4. Let p(y) = 2*y**2 + 27*y - 17. What is p(h)?
-3
Suppose -15*d + 3*d = -6*d. Suppose m - 5*b + 31 = d, 3*m - 3*b + 24 + 21 = 0. Let s(v) = v**3 + 11*v**2 - 4*v - 15. What is s(m)?
29
Let x(p) be the first derivative of -p**7/840 - p**6/180 + p**5/120 - p**4/6 - 5*p**3 - p - 123. Let v(r) be the third derivative of x(r). Determine v(-3).
2
Let t(d) = d**2 - 3460*d + 1716*d - 34 + 1725*d. Determine t(21).
8
Let o = 103 - 100. Suppose 5*j + 17 = -4*g, 3*j + 8 = -g - 5. Let h(c) = -c + 3*c**g - 3*c**2 - 2 + 14*c**3 - 13*c**o. Calculate h(2).
4
Let q(s) = 3*s**2 + 7*s + 5. Suppose -4*x + 4*c + 440 = 0, 2*x - 214 = -0*x + 5*c. Let z be ((-8)/14)/(16/x). What is q(z)?
25
Let w(y) = -7*y + 6. Let i = -1543 - -1545. What is w(i)?
-8
Let r(d) be the second derivative of d**5/20 - 3*d**4/4 + 3*d**3/2 - 5*d**2 + 3197*d. Suppose -41 = -4*f - 3*n, -2*f + 10 + 15 = 3*n. Give r(f).
-2
Let r(x) be the third derivative of -x**4/24 + 7*x**3/6 - 100*x**2. Let y = -27 - -59. Let i = -25 + y. What is r(i)?
0
Suppose -101*f + 1016 + 903 = 0. Let i(l) = -4*l + 79. What is i(f)?
3
Let b(k) = 153*k**2 + 144*k**2 - 298*k**2 - 5 - 26 - 13*k. Give b(-10).
-1
Let o(r) = -61*r + 41*r**2 - 141*r**2 + 106*r**2 + 4. Determine o(10).
-6
Let z = -303 - -307. Suppose -4*m - a = -z*a + 24, 3*m + 39 = -3*a. Let q(p) = -2*p - 17. Calculate q(m).
1
Let b(r) be the third derivative of r**4/8 - 51*r**3/2 - 3861*r**2. What is b(52)?
3
Let a be 120*4/30*9. Suppose 2*n - a = 14*n. Let w(d) = -d**3 - 12*d**2 - d - 15. Give w(n).
-3
Let f be 8/2 + (-21 - -12) - 0. Let g be (f/(-50)*5)/(1/(-6)). Let h(x) = -x**2 - 2*x + 2. Calculate h(g).
-1
Suppose 30 + 78 = 18*g. Let d(o) = 6*o**3 + 4*o**2 + 6*o + 26. Let a(s) = 7*s**3 + 3*s**2 + 7*s + 31. Let t(u) = g*d(u) - 5*a(u). Calculate t(-9).
-8
Suppose 10*f - 5*f - 2340 = 0. Suppose 6*a + f = -3*a. Let t = a + 53. Let y(z) = 8*z - 1. Give y(t).
7
Let q(m) be the first derivative of -20*m**2 - 242*m - 4963. Determine q(-6).
-2
Let w be 19/(-7) - 22/77. Let h be 2*((-232)/(-6) - w/(-18)). Let q = h + -71. Let s(x) = -x**2 + 5*x. What is s(q)?
-6
Let u(y) = -4*y**2 + 27*y + 83. Let n be u(9). Let j(c) be the second derivative of -2*c + 1/2*c**n + 4/3*